{"id":6,"date":"2024-08-23T14:07:23","date_gmt":"2024-08-23T14:07:23","guid":{"rendered":"https:\/\/florian-photographie.fr\/about\/"},"modified":"2026-02-22T17:58:24","modified_gmt":"2026-02-22T17:58:24","slug":"apropos","status":"publish","type":"page","link":"https:\/\/florian-photographie.fr\/?page_id=6","title":{"rendered":"A propos"},"content":{"rendered":"\t\t<div data-elementor-type=\"wp-page\" data-elementor-id=\"6\" class=\"elementor elementor-6\">\n\t\t\t\t<div class=\"elementor-element elementor-element-e83a264 e-flex e-con-boxed e-con e-parent\" data-id=\"e83a264\" data-element_type=\"container\" data-e-type=\"container\">\n\t\t\t\t\t<div class=\"e-con-inner\">\n\t\t\t\t<div class=\"elementor-element elementor-element-c61abb7 elementor-widget elementor-widget-spacer\" data-id=\"c61abb7\" data-element_type=\"widget\" data-e-type=\"widget\" data-widget_type=\"spacer.default\">\n\t\t\t\t<div class=\"elementor-widget-container\">\n\t\t\t\t\t\t\t<div class=\"elementor-spacer\">\n\t\t\t<div class=\"elementor-spacer-inner\"><\/div>\n\t\t<\/div>\n\t\t\t\t\t\t<\/div>\n\t\t\t\t<\/div>\n\t\t\t\t\t<\/div>\n\t\t\t\t<\/div>\n\t\t<div class=\"elementor-element elementor-element-62dd34c e-flex e-con-boxed e-con e-parent\" data-id=\"62dd34c\" data-element_type=\"container\" data-e-type=\"container\">\n\t\t\t\t\t<div class=\"e-con-inner\">\n\t\t<div class=\"elementor-element elementor-element-37e3e1d e-con-full e-flex e-con e-child\" data-id=\"37e3e1d\" data-element_type=\"container\" data-e-type=\"container\">\n\t\t\t\t<div class=\"elementor-element elementor-element-5bc7fdb elementor-widget__width-initial elementor-widget elementor-widget-heading\" data-id=\"5bc7fdb\" data-element_type=\"widget\" data-e-type=\"widget\" data-widget_type=\"heading.default\">\n\t\t\t\t<div class=\"elementor-widget-container\">\n\t\t\t\t\t<h5 class=\"elementor-heading-title elementor-size-default\"><b>A propos<br><\/b><br><br><p><span style=\"font-size: 19px\">Photographe autodidacte bas\u00e9 \u00e0 Bordeaux, je me suis passionn\u00e9 pour la photographie il y a dix ans. <\/span><\/p><p><span style=\"font-size: 19px\">Au fil des annees, port\u00e9 par les rencontres et les lieux explor\u00e9s, cette passion est devenue mon m\u00e9tier, me permettant de raconter des histoires \u00e0 travers mon objectif. <\/span><\/p><p><span style=\"font-size: 19px\">Sp\u00e9cialis\u00e9 dans la photographie de reportage, je privil\u00e9gie les clich\u00e9s naturels et authentiques, capturant des instants fugaces et des \u00e9motions vraies.  <\/span><\/p><br><p><span style=\"font-size: 19px\">Je capte les \u00e9motions sur le vif, la lumi\u00e8re qui change, les gestes spontan\u00e9s. Pas de poses figees : juste vous, tels que vous etes, dans la plus belle lumiere possible.<\/span><span style=\"letter-spacing: -0.1px\"><\/span><\/p><\/h5>\t\t\t\t<\/div>\n\t\t\t\t<\/div>\n\t\t\t\t<\/div>\n\t\t\t\t<div class=\"elementor-element elementor-element-fbf652e elementor-widget__width-initial elementor-widget-mobile__width-initial elementor-widget-tablet__width-initial elementor-widget elementor-widget-image\" data-id=\"fbf652e\" data-element_type=\"widget\" data-e-type=\"widget\" data-widget_type=\"image.default\">\n\t\t\t\t<div class=\"elementor-widget-container\">\n\t\t\t\t\t\t\t\t\t\t\t\t\t\t\t<img fetchpriority=\"high\" decoding=\"async\" width=\"1173\" height=\"2214\" src=\"https:\/\/florian-photographie.fr\/wp-content\/uploads\/2026\/02\/pro-scaled-e1771694919483.webp\" class=\"attachment-full size-full wp-image-3570 not-transparent\" alt=\"\" srcset=\"https:\/\/florian-photographie.fr\/wp-content\/uploads\/2026\/02\/pro-scaled-e1771694919483.webp 1173w, https:\/\/florian-photographie.fr\/wp-content\/uploads\/2026\/02\/pro-scaled-e1771694919483-159x300.webp 159w, https:\/\/florian-photographie.fr\/wp-content\/uploads\/2026\/02\/pro-scaled-e1771694919483-543x1024.webp 543w, https:\/\/florian-photographie.fr\/wp-content\/uploads\/2026\/02\/pro-scaled-e1771694919483-768x1450.webp 768w, https:\/\/florian-photographie.fr\/wp-content\/uploads\/2026\/02\/pro-scaled-e1771694919483-814x1536.webp 814w, https:\/\/florian-photographie.fr\/wp-content\/uploads\/2026\/02\/pro-scaled-e1771694919483-1085x2048.webp 1085w, https:\/\/florian-photographie.fr\/wp-content\/uploads\/2026\/02\/pro-scaled-e1771694919483-500x944.webp 500w, https:\/\/florian-photographie.fr\/wp-content\/uploads\/2026\/02\/pro-scaled-e1771694919483-800x1510.webp 800w\" sizes=\"(max-width: 1173px) 100vw, 1173px\" data-has-transparency=\"false\" data-dominant-color=\"a8a8a8\" style=\"--dominant-color: #a8a8a8\" \/>\t\t\t\t\t\t\t\t\t\t\t\t\t\t\t<\/div>\n\t\t\t\t<\/div>\n\t\t\t\t\t<\/div>\n\t\t\t\t<\/div>\n\t\t<div class=\"elementor-element elementor-element-dcd59f7 e-flex e-con-boxed e-con e-parent\" data-id=\"dcd59f7\" data-element_type=\"container\" data-e-type=\"container\">\n\t\t\t\t\t<div class=\"e-con-inner\">\n\t\t\t\t<div class=\"elementor-element elementor-element-7e07043 elementor-widget-divider--separator-type-pattern elementor-widget-divider--no-spacing elementor-widget-divider--view-line elementor-widget elementor-widget-divider\" data-id=\"7e07043\" data-element_type=\"widget\" data-e-type=\"widget\" data-widget_type=\"divider.default\">\n\t\t\t\t<div class=\"elementor-widget-container\">\n\t\t\t\t\t\t\t<div class=\"elementor-divider\" style=\"--divider-pattern-url: url(&quot;data:image\/svg+xml,%3Csvg xmlns=&#039;http:\/\/www.w3.org\/2000\/svg&#039; preserveAspectRatio=&#039;xMidYMid meet&#039; overflow=&#039;visible&#039; height=&#039;100%&#039; viewBox=&#039;0 0 126 26&#039; fill=&#039;black&#039; stroke=&#039;none&#039;%3E%3Cpath d=&#039;M3,10.2c2.6,0,2.6,2,2.6,3.2S4.4,16.5,3,16.5s-3-1.4-3-3.2S0.4,10.2,3,10.2z M18.8,10.2c1.7,0,3.2,1.4,3.2,3.2s-1.4,3.2-3.2,3.2c-1.7,0-3.2-1.4-3.2-3.2S17,10.2,18.8,10.2z M34.6,10.2c1.5,0,2.6,1.4,2.6,3.2s-0.5,3.2-1.9,3.2c-1.5,0-3.4-1.4-3.4-3.2S33.1,10.2,34.6,10.2z M50.5,10.2c1.7,0,3.2,1.4,3.2,3.2s-1.4,3.2-3.2,3.2c-1.7,0-3.3-0.9-3.3-2.6S48.7,10.2,50.5,10.2z M66.2,10.2c1.5,0,3.4,1.4,3.4,3.2s-1.9,3.2-3.4,3.2c-1.5,0-2.6-0.4-2.6-2.1S64.8,10.2,66.2,10.2z M82.2,10.2c1.7,0.8,2.6,1.4,2.6,3.2s-0.1,3.2-1.6,3.2c-1.5,0-3.7-1.4-3.7-3.2S80.5,9.4,82.2,10.2zM98.6,10.2c1.5,0,2.6,0.4,2.6,2.1s-1.2,4.2-2.6,4.2c-1.5,0-3.7-0.4-3.7-2.1S97.1,10.2,98.6,10.2z M113.4,10.2c1.2,0,2.2,0.9,2.2,3.2s-0.1,3.2-1.3,3.2s-3.1-1.4-3.1-3.2S112.2,10.2,113.4,10.2z&#039;\/%3E%3C\/svg%3E&quot;);\">\n\t\t\t<span class=\"elementor-divider-separator\">\n\t\t\t\t\t\t<\/span>\n\t\t<\/div>\n\t\t\t\t\t\t<\/div>\n\t\t\t\t<\/div>\n\t\t\t\t\t<\/div>\n\t\t\t\t<\/div>\n\t\t<div class=\"elementor-element elementor-element-1aaf9f5 e-flex e-con-boxed e-con e-parent\" data-id=\"1aaf9f5\" data-element_type=\"container\" data-e-type=\"container\">\n\t\t\t\t\t<div class=\"e-con-inner\">\n\t\t\t\t<div class=\"elementor-element elementor-element-88e4826 elementor-widget elementor-widget-heading\" data-id=\"88e4826\" data-element_type=\"widget\" data-e-type=\"widget\" data-widget_type=\"heading.default\">\n\t\t\t\t<div class=\"elementor-widget-container\">\n\t\t\t\t\t<h2 class=\"elementor-heading-title elementor-size-default\">Temoignages  <\/h2>\t\t\t\t<\/div>\n\t\t\t\t<\/div>\n\t\t\t\t\t<\/div>\n\t\t\t\t<\/div>\n\t\t<div class=\"elementor-element elementor-element-d7f64ed e-con-full e-flex e-con e-parent\" data-id=\"d7f64ed\" data-element_type=\"container\" data-e-type=\"container\">\n\t\t\t\t<div class=\"elementor-element elementor-element-08ea26e elementor-widget__width-initial elementor-widget elementor-widget-htmega-testimonial-addons\" data-id=\"08ea26e\" data-element_type=\"widget\" data-e-type=\"widget\" data-widget_type=\"htmega-testimonial-addons.default\">\n\t\t\t\t<div class=\"elementor-widget-container\">\n\t\t\t\t\t            <div class=\"htmega-testimonial-area htmega-sl-arraow-style- htmega-testimonial-style-1 sid08ea26e htmega-testimonial-activation\" data-settings=\"{&quot;sectionid&quot;:&quot;sid08ea26e&quot;,&quot;arrows&quot;:true,&quot;arrow_prev_txt&quot;:&quot;&lt;svg class=\\&quot;e-font-icon-svg e-fas-angle-left\\&quot; viewBox=\\&quot;0 0 256 512\\&quot; xmlns=\\&quot;http:\\\/\\\/www.w3.org\\\/2000\\\/svg\\&quot;&gt;&lt;path d=\\&quot;M31.7 239l136-136c9.4-9.4 24.6-9.4 33.9 0l22.6 22.6c9.4 9.4 9.4 24.6 0 33.9L127.9 256l96.4 96.4c9.4 9.4 9.4 24.6 0 33.9L201.7 409c-9.4 9.4-24.6 9.4-33.9 0l-136-136c-9.5-9.4-9.5-24.6-.1-34z\\&quot;&gt;&lt;\\\/path&gt;&lt;\\\/svg&gt;&quot;,&quot;arrow_next_txt&quot;:&quot;&lt;svg class=\\&quot;e-font-icon-svg e-fas-angle-right\\&quot; viewBox=\\&quot;0 0 256 512\\&quot; xmlns=\\&quot;http:\\\/\\\/www.w3.org\\\/2000\\\/svg\\&quot;&gt;&lt;path d=\\&quot;M224.3 273l-136 136c-9.4 9.4-24.6 9.4-33.9 0l-22.6-22.6c-9.4-9.4-9.4-24.6 0-33.9l96.4-96.4-96.4-96.4c-9.4-9.4-9.4-24.6 0-33.9L54.3 103c9.4-9.4 24.6-9.4 33.9 0l136 136c9.5 9.4 9.5 24.6.1 34z\\&quot;&gt;&lt;\\\/path&gt;&lt;\\\/svg&gt;&quot;,&quot;dots&quot;:false,&quot;autoplay&quot;:true,&quot;autoplay_speed&quot;:4000,&quot;animation_speed&quot;:800,&quot;pause_on_hover&quot;:true,&quot;center_mode&quot;:false,&quot;center_padding&quot;:0,&quot;testimonial_style_ck&quot;:1,&quot;display_columns&quot;:1,&quot;scroll_columns&quot;:1,&quot;tablet_width&quot;:750,&quot;tablet_display_columns&quot;:1,&quot;tablet_scroll_columns&quot;:1,&quot;mobile_width&quot;:480,&quot;mobile_display_columns&quot;:1,&quot;mobile_scroll_columns&quot;:1}\" style=\"display:none;\">\n\n                                                            <div class=\"testimonal\">\n                            \n                                                            <div class=\"content\">\n                                    <p>C\u2019\u00e9tait parfait ! Grand professionnalisme et tr\u00e8s belles photos !\n\nFlorian s\u2019est montr\u00e9 disponible, clair, pr\u00e9cis et tr\u00e8s \u00e0 l\u2019\u00e9coute. \nC\u2019\u00e9tait un excellent choix et un tr\u00e8s bon photographe !<\/p><ul class=\"htmega-testimonial-rating\"><li><i class=\"fa fa-star\"><\/i><\/li><li><i class=\"fa fa-star\"><\/i><\/li><li><i class=\"fa fa-star\"><\/i><\/li><li><i class=\"fa fa-star\"><\/i><\/li><li><i class=\"fa fa-star\"><\/i><\/li><\/ul><h4>Lorene &amp; Ugo<\/h4>                                <\/div>\n                                                    <\/div>\n                    \n                                                                <div class=\"testimonal\">\n                            \n                                                            <div class=\"content\">\n                                    <p>Le meilleur des photographes\n\nNous avons rencontr\u00e9 Florian par du bouche \u00e0 oreille, et nous ne regrettons absolument pas ! Le feeling est de suite tr\u00e8s bien pass\u00e9, Florian s\u2019adapte \u00e0 toutes les situations et c\u2019est tr\u00e8s rassurant dans une journ\u00e9e qui est tant stressante et importante pour nous ! On te remerciera jamais assez, tu as marqu\u00e9 des souvenirs \u00e0 jamais gr\u00e2ce a toute ses photos !<\/p><ul class=\"htmega-testimonial-rating\"><li><i class=\"fa fa-star\"><\/i><\/li><li><i class=\"fa fa-star\"><\/i><\/li><li><i class=\"fa fa-star\"><\/i><\/li><li><i class=\"fa fa-star\"><\/i><\/li><li><i class=\"fa fa-star\"><\/i><\/li><\/ul><h4>Julia &amp; Tom<\/h4>                                <\/div>\n                                                    <\/div>\n                    \n                                                                <div class=\"testimonal\">\n                            \n                                                            <div class=\"content\">\n                                    <p>Nous avons eu le plaisir de confier notre mariage \u00e0 Florian et sommes ravis du r\u00e9sultat. \n\nD\u00e8s le premier \u00e9change, sa disponibilit\u00e9 et son \u00e9coute nous ont mis en confiance. \n\nLe jour J, il a su capturer chaque instant avec sensibilit\u00e9 et un \u0153il artistique, se fondant parfaitement dans l\u2019ambiance. \nLes photos sont sublimes et refl\u00e8tent son professionnalisme et sa passion. Nous le recommandons vivement pour immortaliser vos moments pr\u00e9cieux.<\/p><ul class=\"htmega-testimonial-rating\"><li><i class=\"fa fa-star\"><\/i><\/li><li><i class=\"fa fa-star\"><\/i><\/li><li><i class=\"fa fa-star\"><\/i><\/li><li><i class=\"fa fa-star\"><\/i><\/li><li><i class=\"fa fa-star\"><\/i><\/li><\/ul><h4>Stephanie &amp; Guillaume<\/h4>                                <\/div>\n                                                    <\/div>\n                    \n                                                                <div class=\"testimonal\">\n                            \n                                                            <div class=\"content\">\n                                    <p>Des moments inoubliables et magiques que nous allons pouvoir garder en m\u00e9moire gr\u00e2ce aux merveilleuses photos de notre photographe !\nUn pur bonheur d'avoir eu Florian \u00e0 nos c\u00f4t\u00e9s pour immortaliser cette belle journ\u00e9e !!!<\/p><ul class=\"htmega-testimonial-rating\"><li><i class=\"fa fa-star\"><\/i><\/li><li><i class=\"fa fa-star\"><\/i><\/li><li><i class=\"fa fa-star\"><\/i><\/li><li><i class=\"fa fa-star\"><\/i><\/li><li><i class=\"fa fa-star\"><\/i><\/li><\/ul><h4>Lilianne &amp; Nicolas<\/h4>                                <\/div>\n                                                    <\/div>\n                    \n                                <\/div>\n\n                         <!-- Border style  -->\n                          \n                            \n                    \t\t\t\t<\/div>\n\t\t\t\t<\/div>\n\t\t\t\t<\/div>\n\t\t<div class=\"elementor-element elementor-element-6591b6d e-flex e-con-boxed e-con e-parent\" data-id=\"6591b6d\" data-element_type=\"container\" data-e-type=\"container\">\n\t\t\t\t\t<div class=\"e-con-inner\">\n\t\t\t\t<div class=\"elementor-element elementor-element-2eb768a elementor-widget elementor-widget-spacer\" data-id=\"2eb768a\" data-element_type=\"widget\" data-e-type=\"widget\" data-widget_type=\"spacer.default\">\n\t\t\t\t<div class=\"elementor-widget-container\">\n\t\t\t\t\t\t\t<div class=\"elementor-spacer\">\n\t\t\t<div class=\"elementor-spacer-inner\"><\/div>\n\t\t<\/div>\n\t\t\t\t\t\t<\/div>\n\t\t\t\t<\/div>\n\t\t\t\t\t<\/div>\n\t\t\t\t<\/div>\n\t\t<div class=\"elementor-element elementor-element-605f4fa e-flex e-con-boxed e-con e-parent\" data-id=\"605f4fa\" data-element_type=\"container\" data-e-type=\"container\">\n\t\t\t\t\t<div class=\"e-con-inner\">\n\t\t\t\t<div class=\"elementor-element elementor-element-6e9c713 elementor-widget elementor-widget-shortcode\" data-id=\"6e9c713\" data-element_type=\"widget\" data-e-type=\"widget\" data-widget_type=\"shortcode.default\">\n\t\t\t\t<div class=\"elementor-widget-container\">\n\t\t\t\t\t\t\t<div class=\"elementor-shortcode\">\t\t<div data-elementor-type=\"wp-post\" data-elementor-id=\"2724\" class=\"elementor elementor-2724\">\n\t\t\t\t<div class=\"elementor-element elementor-element-b6dc7ea e-flex e-con-boxed e-con e-parent\" data-id=\"b6dc7ea\" data-element_type=\"container\" data-e-type=\"container\">\n\t\t\t\t\t<div class=\"e-con-inner\">\n\t\t\t\t<div class=\"elementor-element elementor-element-42a3a42 elementor-widget elementor-widget-heading\" data-id=\"42a3a42\" data-element_type=\"widget\" data-e-type=\"widget\" data-widget_type=\"heading.default\">\n\t\t\t\t<div class=\"elementor-widget-container\">\n\t\t\t\t\t<h6 class=\"elementor-heading-title elementor-size-default\">\u00a9 2026, Florian Photographie. Tous droits r\u00e9serv\u00e9s.<\/h6>\t\t\t\t<\/div>\n\t\t\t\t<\/div>\n\t\t\t\t\t<\/div>\n\t\t\t\t<\/div>\n\t\t\t\t<\/div>\n\t\t<\/div>\n\t\t\t\t\t\t<\/div>\n\t\t\t\t<\/div>\n\t\t\t\t\t<\/div>\n\t\t\t\t<\/div>\n\t\t\t\t<\/div>\n\t\t","protected":false},"excerpt":{"rendered":"<p>A propos Photographe autodidacte bas\u00e9 \u00e0 Bordeaux, je me suis passionn\u00e9 pour la photographie il y a dix ans. Au fil des annees, port\u00e9 par les rencontres et les lieux explor\u00e9s, cette passion est devenue mon m\u00e9tier, me permettant de raconter des histoires \u00e0 travers mon objectif. Sp\u00e9cialis\u00e9 dans la photographie de reportage, je privil\u00e9gie&hellip;&nbsp;<a href=\"https:\/\/florian-photographie.fr\/?page_id=6\" rel=\"bookmark\">Lire la suite &raquo;<span class=\"screen-reader-text\">A propos<\/span><\/a><\/p>\n","protected":false},"author":1,"featured_media":0,"parent":0,"menu_order":0,"comment_status":"closed","ping_status":"closed","template":"","meta":{"neve_meta_sidebar":"","neve_meta_container":"","neve_meta_enable_content_width":"","neve_meta_content_width":0,"neve_meta_title_alignment":"","neve_meta_author_avatar":"","neve_post_elements_order":"","neve_meta_disable_header":"","neve_meta_disable_footer":"","neve_meta_disable_title":"","footnotes":""},"class_list":["post-6","page","type-page","status-publish","hentry"],"_links":{"self":[{"href":"https:\/\/florian-photographie.fr\/index.php?rest_route=\/wp\/v2\/pages\/6","targetHints":{"allow":["GET"]}}],"collection":[{"href":"https:\/\/florian-photographie.fr\/index.php?rest_route=\/wp\/v2\/pages"}],"about":[{"href":"https:\/\/florian-photographie.fr\/index.php?rest_route=\/wp\/v2\/types\/page"}],"author":[{"embeddable":true,"href":"https:\/\/florian-photographie.fr\/index.php?rest_route=\/wp\/v2\/users\/1"}],"replies":[{"embeddable":true,"href":"https:\/\/florian-photographie.fr\/index.php?rest_route=%2Fwp%2Fv2%2Fcomments&post=6"}],"version-history":[{"count":112,"href":"https:\/\/florian-photographie.fr\/index.php?rest_route=\/wp\/v2\/pages\/6\/revisions"}],"predecessor-version":[{"id":3651,"href":"https:\/\/florian-photographie.fr\/index.php?rest_route=\/wp\/v2\/pages\/6\/revisions\/3651"}],"wp:attachment":[{"href":"https:\/\/florian-photographie.fr\/index.php?rest_route=%2Fwp%2Fv2%2Fmedia&parent=6"}],"curies":[{"name":"wp","href":"https:\/\/api.w.org\/{rel}","templated":true}]}}